(y) = -5*y + 5. Let i(t) = 2*t - 2. Suppose 3*g - 2 = -n - 0, 22 = -4*n + 3*g. Let l be -1*(n + 1) + -11. Let w(r) = l*i(r) - 3*z(r). Determine w(3).
-2
Let g(d) = 11*d + 62. Let z(m) = -7*m - 43. Let w(y) = 10*g(y) + 14*z(y). Give w(-3).
-18
Let w(j) be the second derivative of -j**8/6720 + j**7/420 + j**6/90 - j**5/30 - 23*j**4/4 + 45*j + 2. Let d(q) be the third derivative of w(q). Give d(7).
3
Let x(t) = 8*t**2 + 4*t - 3. Suppose -5*r + 118 = 2*z + 122, 5*r = -3*z - 1. Determine x(z).
81
Let p(c) = -25*c + 3 - c + 27*c. Let q be (2 + -3)/((-2)/(-12)). Let l be (-7)/((-14)/q)*-1. Give p(l).
6
Let p(k) be the first derivative of -k**2/2 - 26*k + 9680. What is p(30)?
-56
Let d(a) = 2*a + 3. Let g(s) = -s**2 - 5*s + 11. Let t(o) = o**3 - 29*o**2 - 2*o + 52. Let q be t(29). Let f be g(q). Give d(f).
13
Let y(c) be the second derivative of -c**5/10 + 2*c**3/3 + c**2/2 - c + 1003. Determine y(2).
-7
Let h(t) be the third derivative of t**5/60 - t**4/12 + 2*t**3/3 - 28*t**2. Let l be h(0). Let k(r) = 3*r - 3. Give k(l).
9
Let o(r) = -17*r**2 - 13*r + 31. Let f(n) = 5*n**2 + 4*n - 9. Let d(a) = -7*f(a) - 2*o(a). Determine d(-2).
1
Let d(x) be the third derivative of -17*x**4/24 + x**3/6 + 1159*x**2. Give d(1).
-16
Suppose -2*j - 3*q = 1 + 1, -4*q = 4*j - 4. Suppose 2*r = -2*m + 5086, j*m - 4*r - 7300 - 5424 = 0. Let t(z) = -3 + 12 - m*z + 2543*z. What is t(10)?
-1
Let w = -1819 + 1818. Let l(n) = -32*n + 3. Give l(w).
35
Let i(t) = 14*t**2 + 7*t - 32. Let n(h) = -17*h**2 - 6*h + 32. Let u(j) = -6*i(j) - 5*n(j). Determine u(11).
21
Let g(p) be the third derivative of 0*p - 1/60*p**5 - 1/6*p**4 - 23*p**2 + 1/40*p**6 - 4 + 1/2*p**3. Determine g(2).
15
Let m be ((-1659)/147 - -11)*14. Let g(k) = 27*k - 6. Give g(m).
-114
Suppose 3*l + 2*q = -4 + 101, -2*l + 4*q = -86. Let u = l - 32. Suppose y - u*f = 3*y + 13, 2*y + f = -3. Let d(o) = 16*o**2 - 2*o + 1. Give d(y).
15
Let i(h) = 8*h - 2*h - 35*h**2 - h - 5 - 32*h**2 + 66*h**2. Calculate i(7).
-19
Let q(p) be the third derivative of p**6/360 + p**5/120 + p**4/12 + 83*p**3/6 + 9*p**2 + 6. Let f(c) be the first derivative of q(c). What is f(0)?
2
Let z(v) be the second derivative of -90*v - 1/20*v**5 - 1/6*v**3 - 33/2*v**2 + 1/12*v**4 + 0. Calculate z(0).
-33
Let p be ((-35)/10 - -5)*12/(-6). Suppose -5 = -5*a + 5. Let h(t) = -a*t**2 - 3 - 2*t**3 + t**3 - 4 + 5*t + 9. Give h(p).
-4
Let z(o) = 23*o + 11. Let j(q) = 9*q + 3. Let g(v) = -5*j(v) + 2*z(v). Let t(i) = i**3 - 6*i**2 + 5*i + 4. Let w be t(5). Suppose -w*p - 3 = 21. Give g(p).
1
Let j = 223 + -199. Let f(h) = j - 20*h + 34 + 13*h - 59. Determine f(-2).
13
Let b(a) = -11*a**2 + 7290*a**3 + 6883*a**3 - 14174*a**3 + a - 9. Let p be 2*(13/(-2) + 1). Determine b(p).
-20
Let w(m) be the third derivative of 0 + 2*m**3 - 1/12*m**4 - 2*m**2 - 9*m. Determine w(8).
-4
Let c(v) = -8*v + v**2 + 3 + 3 + 4*v - 5*v. Let b be (3/(-9))/(38/(-912)). Determine c(b).
-2
Let l(y) be the first derivative of -y**4/4 + 4*y**3/3 - 3*y**2/2 + y - 5. Let j = 63 - 56. Let q = j + -4. Determine l(q).
1
Let u(n) = -6*n + 1. Let t be (-4)/(-8)*-2*1. Let f be (2 - -4) + t - 3. Suppose -i + z = -3, 0*z = f*i + z. Give u(i).
-5
Let c = -2492 + 2498. Let s(k) = k**2 - 13*k + 13. Determine s(c).
-29
Suppose -3*o + 276*w - 275*w - 5 = 0, 4*w + 32 = -o. Let k(t) = -t**3 - 2*t**2 + 5*t - 9. Determine k(o).
3
Let z(d) be the third derivative of -d**5/60 + 11*d**4/24 - 13*d**3/6 + 7*d**2. Let r = -6756 - -6765. Calculate z(r).
5
Let z = -6754 - -6759. Let v(k) = -k**3 - 3*k**2 + 3*k + 4. Let i(w) = 2*w**3 + 2*w**2 - 4*w - 4. Let l(n) = -2*i(n) - 3*v(n). Determine l(z).
-9
Let a be (8 - 1690/208)/(2/(-464)). Let g(l) be the second derivative of 0 - 1/6*l**3 + 2*l**2 - a*l. What is g(4)?
0
Let q(y) be the third derivative of y**5/60 + 7*y**4/24 - 157*y**2. Let g(o) = o + 1. Let s be g(-5). What is q(s)?
-12
Let w(g) = -14*g + 219. Let t(r) = 15*r - 156. Let i(u) = 4*t(u) + 3*w(u). Determine i(-2).
-3
Let y(f) = f**2. Let g = -127 + 132. Suppose 3*p - 1 = -g*a - 8, -p - 9 = 5*a. Calculate y(p).
1
Let a(n) be the third derivative of 5/24*n**4 + 0*n + 1/60*n**5 - 1/3*n**3 + 3*n**2 - 2. What is a(-6)?
4
Let w(x) = -x**3 + 7*x**2 - 4*x - 1. Let v be w(4). Let n = -26 + v. Let z(c) = -3*c - c**3 - 11 - 6 + 5*c**2 + 3*c + 10. Give z(n).
-7
Let u(t) = t**2 + 24*t - 63. Let q be (-5 - 90/12)*(-20 + 22). Give u(q).
-38
Let x(k) = -k**3 + 24*k**2 - 43*k + 17. Let v be x(22). Suppose -j - 2*o = -5*o - v, -20 = 5*o. Let w(b) = 12*b - j*b + 13*b - 4. What is w(-4)?
4
Let u be (2 + -3 - -1)/((-8)/(-4)). Suppose u = 2*j - 5*j - 6. Let s(m) = m**3 + m**2 + 1. Determine s(j).
-3
Let a(o) = -1 + 1 - o - o + 1. Suppose -4*p - 2*j + 13 = -9, 0 = 5*p - 3*j. Calculate a(p).
-5
Let o(i) = -10*i - 10. Let d(b) = 7*b + 12. Let g(m) = -5*d(m) - 4*o(m). Give g(7).
15
Let j(n) = -n**2 + 25*n - 156. Let d = -91 - -103. Let y be j(d). Let h(g) = g**3 - g**2 - 1. Calculate h(y).
-1
Let b be 273/42 - (-3)/(-2). Suppose -b*l - c + 45 = 0, 3*l + l + 2*c - 42 = 0. Let o(f) = -f**3 + 295*f + l - 5*f**2 - 289*f - 2. Determine o(-6).
6
Let w(p) = p + 27. Let n(h) = 7*h + 53. Let x be n(-9). Let y be (-25)/2 - (1 + 25/x). What is w(y)?
16
Let x = 206 - 260. Let q = -55 - x. Let h(l) = 9*l**3 + 5*l**2 + 4*l - 4. Let o(w) = -19*w**3 - 11*w**2 - 9*w + 9. Let a(n) = 9*h(n) + 4*o(n). Determine a(q).
-4
Let u(q) = -47 - 38 + 87 - 9*q. Let t = -32 + 33. Give u(t).
-7
Let t(m) = -2*m**2 + 21*m - 49. Let r be t(6). Let b(h) = -9*h + 26. Give b(r).
-19
Let p be -3 - (-1 - (-4 + 1)). Let c(f) = f + 31. Let j be c(-28). Let b(x) = 809*x**2 - 1610*x**2 + 5 + x**j + 806*x**2 + x. Determine b(p).
0
Suppose -4*o + 5*p - 232 = -208, -p = -3*o - 7. Let g(k) = 2*k**2 + 13*k + 11. Calculate g(o).
0
Let m(v) = -132*v - 3309. Let b be m(-25). Let d(x) = -x**2 - 11*x - 15. What is d(b)?
3
Let d(s) = 9*s - 81. Let k(c) = -20. Let j(i) = -d(i) + 6*k(i). Determine j(-5).
6
Suppose -3 = 2*m - d - 648, 0 = -2*m + 5*d + 633. Let h = -319 + m. Let y(z) = -z**2 + 2*z - 6. Calculate y(h).
-21
Let k(g) = -16*g. Let o(w) = -5*w. Let v(r) = 3*k(r) - 8*o(r). Let j(b) = 2*b**2 - 5 + 1 + 5*b - b**2 - b. Let a be j(-5). Determine v(a).
-8
Let d = 16527 + -16525. Let t(l) be the first derivative of -4/3*l**3 + 3*l + 23 - 1/4*l**4 + l**d. Determine t(-4).
-5
Let z(f) = 1398*f - 8. Let b(r) = -3634*r + 21. Let p(l) = -5*b(l) - 13*z(l). Let w = -15 + 10. Let d be -2*(-2)/(-1 - w). What is p(d)?
-5
Suppose 4*x + 3*p - 23 + 3 = 0, 4*x + 5*p - 28 = 0. Suppose -x*z - 3 = -7. Let v(d) = 8*d + 7. Let y(m) = -5*m - 5. Let f(g) = 2*v(g) + 3*y(g). What is f(z)?
1
Let z(t) = 4*t**2 + 7*t + 12. Let c be (-7)/(-2) + 528/(-96). What is z(c)?
14
Suppose 3*r - 278 = -2*l + 444, 2*l - 2*r - 722 = 0. Let w = l + -372. Let v(b) = -2*b - 27. Determine v(w).
-5
Let f(h) = -3*h + 15. Let b = -12016 + 12005. Calculate f(b).
48
Let r(z) = 5*z + 0 + 2 - 6. Suppose -34 = -4*v + 3*a, 112*v = 113*v - 3*a - 22. Calculate r(v).
16
Let s(f) = f**2 - 8*f - 3. Let k = -19415 + 19424. Calculate s(k).
6
Let z be 308/26 + (-208)/(-1352) + -5. Let v(i) = 4*i**2 - 17*i + 5. Determine v(z).
82
Let x(s) = 2 - 6*s + 5*s + 10*s**2 - 1. Let w(p) = p**2 - 12*p + 28. Let r be w(9). Let k be x(r). Let j(l) = l**3 - 11*l**2 + 11*l - 14. Calculate j(k).
-4
Let w(k) = -k**2 - 19*k - 2. Suppose -4*q = -17*q - 247. Calculate w(q).
-2
Let w(x) = 2*x**2 + 21*x + 4. Suppose 3*r - 31*d + 36*d + 15 = 0, -14 = 2*r + 2*d. Calculate w(r).
-6
Let d(k) = -3*k**2 + 9*k + 2. Suppose -5*z = 5*t - 65, 2 = -47*z + 43*z + 5*t. Determine d(z).
-82
Let h(m) = 7*m - 29. Suppose 0 = -l - 3*s + 4, 31*l + 2*s = 27*l + 16. What is h(l)?
-1
Suppose 5 = -s, 3*l + 5*s - 5 = 6*s. Suppose -4*d - 5*n + 35 = 0, d - 2*n + 5*n - 14 = l. Let w(y) = -2*y + 4. Determine w(d).
-6
Let x(m) = -2*m**2 + 11*m + 3. Suppose -2 + 0 = c. Let k be (-8)/c + (-9 - -9). Let g(n) = 5*n**2 - 32*n - 10. Let w(f) = k*g(f) + 11*x(f). What is w(-5)?
-22
Let m(u) = -15*u - 3. Suppose 52*s + 9 = 15*s - 28. Determine m(s).
12
Let h(t) be the first derivative of 1/3*t**3 + 8 - 3*t - t**2. Let d = -5 - -8. Determine h(d).
0
Let j(n) be the first derivative of -5*n**2/2 + n + 1. Suppose 20*h = -3*c + 18*h - 13, 5*c = -4*h - 25. What is j(c)?
6
Suppose -2*h - h = -15. Suppose